composite number?
True
Is 6374487143 a prime number?
True
Is 2090717021 prime?
True
Is 42622966109 prime?
False
Is 749435567 prime?
True
Is 33095629493 a composite number?
False
Is 2525769247 a prime number?
True
Is 339939419329 a composite number?
False
Is 2209297547 a prime number?
True
Is 677563531 composite?
True
Is 50783281 a composite number?
False
Is 40021530041 composite?
False
Is 26772026863 a composite number?
False
Is 13319126341 prime?
True
Is 287421536373 a prime number?
False
Is 3247998091 a composite number?
True
Is 13252773367 a composite number?
False
Is 351247787 a prime number?
False
Is 156993248623 prime?
True
Is 41933086427 a prime number?
False
Is 105095065045 a prime number?
False
Is 8849943121 composite?
False
Is 59639596469 a prime number?
False
Is 1318059637 a prime number?
True
Is 553131679 a prime number?
True
Is 6206275811 composite?
False
Is 14346075661 prime?
True
Is 216496524817 prime?
True
Is 847852663 composite?
True
Is 17196007249 composite?
False
Is 7139369921 a composite number?
False
Is 661505189 a composite number?
False
Is 1304216861 a prime number?
True
Is 1321971277 a composite number?
True
Is 167686949 a composite number?
False
Is 15948926795 a composite number?
True
Is 132144839 a prime number?
False
Is 24373703 prime?
True
Is 31842116791 prime?
False
Is 1340011209 composite?
True
Is 7939522939 composite?
False
Is 156341239 composite?
True
Is 533726447 a composite number?
False
Is 1578958049 composite?
False
Is 22700983 composite?
False
Is 54104033527 composite?
False
Is 16785854639 a composite number?
True
Is 1213500122 a composite number?
True
Is 6286897798 a composite number?
True
Is 856436341 composite?
False
Is 291702107 a prime number?
False
Is 6839064599 composite?
False
Is 227969387 prime?
False
Is 1635217187 a prime number?
True
Is 3906774569 a prime number?
True
Is 15916478717 composite?
True
Is 5106326717 a prime number?
True
Is 2830265309 composite?
True
Is 518409709 a prime number?
False
Is 6460357483 a prime number?
False
Is 632714059 composite?
True
Is 34429489 a prime number?
False
Is 66377035327 a composite number?
True
Is 1677695863 composite?
True
Is 15968609617 a prime number?
False
Is 6817287769 composite?
True
Is 3629092217 composite?
False
Is 75131507681 prime?
True
Is 1161617263 a prime number?
True
Is 2623701497 a prime number?
True
Is 2741478391 a composite number?
False
Is 942600223 a composite number?
True
Is 198892999 composite?
False
Is 1021464209 prime?
True
Is 76988927 prime?
False
Is 2913169723 composite?
True
Is 3569418491 prime?
True
Is 17252843977 composite?
True
Is 1202677907 composite?
True
Is 1255639601 composite?
True
Is 1525433233 composite?
False
Is 58307743807 composite?
True
Is 11215700543 a prime number?
True
Is 2116840651 a prime number?
True
Is 2378459947 prime?
False
Is 441561633 composite?
True
Is 454474157 a prime number?
True
Is 1538323 a composite number?
True
Is 10571048191 a prime number?
False
Is 5565377463 prime?
False
Is 15683975513 composite?
False
Is 14406473011 a prime number?
False
Is 1031125283 a composite number?
False
Is 179173097 composite?
True
Is 42755435851 prime?
True
Is 81419448991 composite?
False
Is 23121045503 composite?
False
Is 17198570677 a composite number?
False
Is 1301408177 prime?
True
Is 4419950159 a prime number?
True
Is 370704629 composite?
True
Is 7012601311 prime?
False
Is 665730445 composite?
True
Is 73880943789 composite?
True
Is 50571667049 prime?
True
Is 12981292211 prime?
False
Is 1809064429 a prime number?
False
Is 2160080691 a composite number?
True
Is 59414678927 composite?
True
Is 923199203 a prime number?
True
Is 453770288341 a composite number?
False
Is 2728708453 prime?
True
Is 133929143 composite?
True
Is 1572581749 prime?
False
Is 27938518507 prime?
False
Is 740054929 composite?
False
Is 54979304711 composite?
True
Is 14220070217 a composite number?
True
Is 11433690911 composite?
False
Is 3835817911 composite?
False
Is 691051871 composite?
False
Is 92924173279 a composite number?
True
Is 1699232869 a composite number?
False
Is 28634305443 composite?
True
Is 35403652805 prime?
False
Is 25595171863 composite?
True
Is 5356061979 prime?
False
Is 36512927153 prime?
False
Is 4900080455 composite?
True
Is 3496865081 a composite number?
False
Is 38160705463 composite?
True
Is 791348903 a prime number?
False
Is 9889279717 composite?
False
Is 46974796567 prime?
False
Is 28267712911 a composite number?
False
Is 581944159 a composite number?
True
Is 6551509067 a composite number?
True
Is 160660921 a composite number?
True
Is 1090468117 a composite number?
False
Is 2487268051 prime?
True
Is 13760181679 a composite number?
False
Is 643623599 a composite number?
False
Is 243924701 composite?
True
Is 134839428329 a composite number?
True
Is 5907247513 composite?
False
Is 77024295331 a composite number?
False
Is 76159796941 a composite number?
False
Is 20033799353 composite?
False
Is 1911972809 a composite number?
True
Is 3815980339 a prime number?
False
Is 22582221911 prime?
True
Is 32346871619 prime?
True
Is 7753858507 a prime number?
False
Is 281831911 composite?
True
Is 519107689 prime?
True
Is 1235589217 prime?
True
Is 28443260597 a prime number?
True
Is 864360173 prime?
True
Is 128693324381 composite?
False
Is 2422526285 a prime number?
False
Is 202220030369 composite?
True
Is 2731890907 composite?
False
Is 5287115429 prime?
True
Is 509989351 composite?
True
Is 23699609015 a composite number?
True
Is 9644025977 a composite number?
True
Is 382531843 composite?
False
Is 355375717 composite?
False
Is 5412360139 prime?
True
Is 423935641 composite?
True
Is 26346956567 prime?
True
Is 1198137469 a prime number?
True
Is 1487480453 prime?
True
Is 3312782689 a prime number?
True
Is 337277571317 composite?
False
Is 1279159723 a prime number?
True
Is 443726035 a prime number?
False
Is 24208800335 composite?
True
Is 154282993 a prime number?
True
Is 52481323 a prime number?
False
Is 250403449 a composite number?
True
Is 495512167 a prime number?
True
Is 3684901807 composite?
False
Is 1355630937 a prime number?
False
Is 141222917629 a prime number?
False
Is 9139865309 composite?
False
Is 17655437971 a prime number?
False
Is 9928575551 composite?
False
Is 88800449 a composite number?
False
Is 23243743 a composite number?
True
Is 235806517 composite?
False
Is 91037155613 a composite number?
False
Is 22266668137 a prime number?
False
Is 25138748707 a prime number?
True
Is 4912543217 prime?
True
Is 1702788623 composite?
False
Is 12712487 a prime number?
True
Is 3698116049 a prime number?
True
Is 4313245031 a prime number?
True
Is 578709139 a composite number?
False
Is 17107451 composite?
True
Is 8839905769 prime?
False
Is 193310426 a composite number?
True
Is 20119959059 composite?
False
Is 282032621 composite?
True
Is 462021659 prime?
False
Is 783250387 a prime number?
True
Is 25342641109 a prime number?
False
Is 1630263035 prime?
False
Is 26402784701 a composite number?
False
Is 2075905177 a prime number?
True
Is 6259303495 a composite number?
True
Is 637248823 prime?
True
Is 2685020899 prime?
False
Is 13541011427 prime?
False
Is 919177723 prime?
False
Is 1458077429 prime?
True
Is 54150736663 composite?
False
Is 5234609267 a prime number?
False
Is 5275988909 a prime number?
True
Is 2365933909 composite?
False
Is 1916400037 a composite number?
True
Is 5852991565 a prime number?
False
Is 31974281 composite?
False
Is 15000622459 a prime number?
True
Is 25215222517 a prime number?
False
Is 499344143 composite?
True
Is 15933919621 prime?
True
Is 22225493911 a composite number?
False
Is 2629782679 prime?
False
Is 15859001419 composite?
False
Is 7201918739 a composite number?
False
Is 2329552733 prime?
True
Is 22319180153 composite?
False
Is 1616912053 a prime number?
True
Is 52538741699 a prime number?
True
Is 47950458089 a composite number?
False
Is 32355968521 composite?
False
Is 222064632847 a composite number?
False
Is 1727559481 prime?
False
Is 486833653 a composite number?
True
Is 2922036199 a prime number?
False
Is 3328497593 composite?
True
Is 1165700021 a composite number?
False
Is 3459841543 prime?
False
Is 97426840543 prime?
False
Is 498971531 prime?
True
Is 1459281205 prime?
False
Is 221523407 prime?
False
Is 202021679